 64. Determine y(-1).
1
Let j(f) = 9*f**2 + 81*f + 3. What is j(-8)?
-69
Let k(b) = -13*b + 1263. Determine k(97).
2
Let f(j) = j**2 - 212*j + 2914. Give f(15).
-41
Let r(y) = 10*y - 316. Give r(20).
-116
Let k(p) = 3*p**3 + 453*p**2 - 46*p - 6939. Calculate k(-151).
7
Let v(z) = -z - 188. What is v(-29)?
-159
Let v(t) = 5*t**2 - 147*t + 59. Give v(29).
1
Let v(h) = 10*h - 686. What is v(68)?
-6
Let t(c) = 5*c - 64. Determine t(15).
11
Let t(n) = 3*n**2 + 126*n - 118. Give t(-43).
11
Let t(m) = -21*m - 43. Give t(-18).
335
Let w(g) = -g**3 + 8*g**2 + 2*g - 5. Determine w(6).
79
Let q(z) = 196*z + 3896. Determine q(-20).
-24
Let t(r) = r**3 - 54*r**2 - 296*r + 33. Calculate t(59).
-26
Let a(s) = -54*s + 1206. Calculate a(22).
18
Let v(o) = -o**3 - 6*o**2 + 38. Give v(-6).
38
Let n(c) = -8*c**3 + 3*c**2 + 20*c - 48. Give n(2).
-60
Let g(k) = 118*k - 109. What is g(1)?
9
Let u(m) = -457*m + 886. Give u(2).
-28
Let m(f) = -455*f - 501. Determine m(-1).
-46
Let k(h) = 122*h + 23. Determine k(0).
23
Let r(v) = 2*v**3 - 16*v**2 + 196*v - 1928. What is r(9)?
-2
Let a(v) = 6*v + 99. Determine a(-13).
21
Let b(n) = n**2 + 354*n + 22662. What is b(-84)?
-18
Let p(h) = -8*h**3 + 11*h**2 + 41*h - 64. What is p(2)?
-2
Let l(u) = -u**3 + 82*u**2 - 767*u - 1006. Determine l(71).
-12
Let w(c) = 85*c - 3746. Determine w(44).
-6
Let m(v) = 87*v + 1125. What is m(-11)?
168
Let z(m) = 34*m + 1031. Give z(-30).
11
Let k(g) = -g**2 + 204*g - 10396. Determine k(101).
7
Let w(j) = 2*j**3 + 180*j**2 - 341*j + 2453. What is w(-92)?
-31
Let y(j) = 2*j**2 + 564*j + 3316. Determine y(-6).
4
Let u(l) = -l**3 + 18*l**2 + 37*l + 195. Give u(20).
135
Let q(y) = 15*y + 26. Calculate q(-3).
-19
Let s(b) = b**3 - 4*b**2 + b - 14. Determine s(0).
-14
Let k(l) = 516*l + 5681. Determine k(-11).
5
Let o(u) = 2*u**2 - 4749*u - 33336. Give o(-7).
5
Let j(y) = 79*y - 1023. Give j(13).
4
Let q(s) = 28*s + 3. What is q(-3)?
-81
Let o(x) = x**3 - 25*x**2 - 128*x + 269. Give o(29).
-79
Let i(u) = -2*u**2 - 552*u - 5868. Calculate i(-11).
-38
Let x(a) = 120*a - 4629. What is x(39)?
51
Let m(g) = g**3 - 7*g**2 - 181*g - 24. Calculate m(-10).
86
Let o(l) = -6*l + 269. What is o(27)?
107
Let k(l) = l**3 - 11*l**2 - 82*l + 47. Calculate k(16).
15
Let h(x) = 2*x**3 - 12*x**2 + 21*x - 139. Calculate h(6).
-13
Let r(p) = 2*p**3 + 6*p**2 - 13. Determine r(-5).
-113
Let v(f) = -2039*f**2 - 10198*f - 5. Determine v(-5).
10
Let o(t) = t**2 + 5269*t + 42083. What is o(-8)?
-5
Let i(z) = z**3 - 91*z**2 - 3*z + 273. Give i(91).
0
Let a(q) = -13*q + 643. Give a(56).
-85
Let p(w) = 13*w + 184. Give p(-16).
-24
Let i(w) = -2*w**3 - 16*w**2 - 4*w + 67. Calculate i(-6).
-53
Let g(i) = 2425*i - 4863. Calculate g(2).
-13
Let c(q) = 5*q**3 + 219*q**2 - 42*q + 44. What is c(-44)?
-44
Let c(b) = 3*b**3 - 22*b**2 + 17*b - 53. Determine c(7).
17
Let l(h) = -76*h + 74. Give l(1).
-2
Let u(k) = 32*k - 798. Give u(25).
2
Let p(z) = z**3 - 50*z**2 + 431*z - 1240. Determine p(40).
0
Let f(j) = 3*j**2 + 44*j + 66. Give f(-13).
1
Let i(n) = -n**3 + 17*n**2 - 20*n + 43. Calculate i(16).
-21
Let y(f) = 1052*f - 14743. Give y(14).
-15
Let r(y) = 2*y**2. Give r(4).
32
Let k(c) = -2*c**2 - 42*c + 981. Give k(14).
1
Let l(z) = -6*z + 50. Determine l(20).
-70
Let u(z) = z**3 - 33*z**2 - 90*z - 681. What is u(36)?
-33
Let s(a) = 13*a - 27. Calculate s(-3).
-66
Let h(x) = 2*x**2 + 60*x + 301. What is h(-25)?
51
Let g(z) = z**3 + 8*z**2 + 21*z + 39. Calculate g(-4).
19
Let i(o) = o**2 + 20*o + 106. Give i(-21).
127
Let v(o) = 157*o - 7. Give v(-1).
-164
Let n(m) = -7*m**2 - 17*m - 5. What is n(-3)?
-17
Let v(q) = 2*q**2 + 18*q - 199. Give v(-14).
-59
Let y(t) = 159*t**2 + 5*t + 6. Determine y(-1).
160
Let q(y) = -y**2 - 26*y - 53. Determine q(-10).
107
Let z(i) = i**3 + 24*i**2 + 139*i + 46. Give z(-15).
-14
Let r(a) = a**3 + 18*a**2 - 36*a + 100. Determine r(-20).
20
Let t(q) = q**3 - 139*q**2 + 316*q - 5762. What is t(137)?
-8
Let w(g) = 4*g**3 - 8*g + 32. Calculate w(-4).
-192
Let m(c) = -330*c + 25403. Calculate m(77).
-7
Let p(m) = -11*m**3 - m**2 + 2*m - 3. What is p(2)?
-91
Let u(v) = v**2 - 13*v - 83. Give u(-4).
-15
Let l(q) = -43*q**2 + 17*q - 30. Calculate l(4).
-650
Let x(k) = -2*k**2 - 254*k - 1601. Calculate x(-6).
-149
Let z(x) = -x**3 + 79*x**2 + 3*x - 239. Calculate z(79).
-2
Let c(o) = -o**2 - 32*o + 620. What is c(-47)?
-85
Let k(d) = -29*d + 1034. Calculate k(36).
-10
Let x(b) = 47*b + 1386. Give x(-12).
822
Let q(z) = -863*z + 5113. Determine q(6).
-65
Let y(k) = k**2 - 17*k + 88. Give y(10).
18
Let o(c) = c**2 + 5063*c + 85780. Give o(-17).
-2
Let l(h) = 2*h**2 - 20*h - 6. Determine l(17).
232
Let x(y) = y**3 - 22*y**2 - 55*y + 392. Determine x(24).
224
Let u(x) = -10*x**2 - 12*x + 128. Determine u(0).
128
Let f(w) = -2*w**3 + 56*w**2 - 10*w + 99. Determine f(28).
-181
Let i(k) = -1705*k - 78424. Calculate i(-46).
6
Let g(y) = -2*y**3 + 31*y**2 - 58*y + 17. Calculate g(12).
329
Let x(u) = -53*u**2 + 16*u - 43. Calculate x(3).
-472
Let z(d) = d**2 - 27*d - 279. What is z(-8)?
1
Let d(c) = 143*c + 1790. Give d(-12).
74
Let y(j) = -j**2 + 22*j + 509. Give y(36).
5
Let y(g) = -146*g - 1441. Calculate y(-10).
19
Let g(d) = 3*d**2 + 32*d - 12. Determine g(-8).
-76
Let g(l) = -l**2 - 52*l + 626. Calculate g(10).
6
Let w(p) = -p**2 + 20*p - 90. Give w(9).
9
Let v(u) = -102*u + 2035. Determine v(20).
-5
Let i(o) = -42*o - 465. What is i(-10)?
-45
Let p(b) = b**2 + 200*b - 55544. Give p(156).
-8
Let y(z) = z**3 - 9*z**2 - 3*z + 34. What is y(9)?
7
Let v(q) = 59*q**2 + 5*q + 3. What is v(-1)?
57
Let y(c) = 21*c - 899. Determine y(39).
-80
Let h(l) = -5*l**2 - 194*l - 152. Calculate h(-38).
0
Let q(c) = 78*c - 223. Give q(3).
11
Let s(m) = -m**2 - 24*m + 193. Determine s(-46).
-819
Let k(l) = 264*l + 65. What is k(2)?
593
Let k(o) = 6*o + 160. Determine k(-38).
-68
Let l(g) = -g**2 - 6*g - 65. Give l(-8).
-81
Let j(b) = -b**3 - 6*b**2 - 5*b - 39. Give j(-4).
-51
Let l(q) = 11*q**2 - 185*q - 1. What is l(17)?
33
Let s(g) = g**3 - 197*g**2 + 192*g + 794. Determine s(196).
10
Let p(k) = -2*k**2 - 104*k - 749. Determine p(-43).
25
Let c(j) = -j**3 - 8*j**2 + 25*j + 36. What is c(-10)?
-14
Let j(k) = 41*k**3 + 2*k**2 + 20*k - 20. What is j(1)?
43
Let q(h) = -2*h**2 - 23*h + 23. Give q(-10).
53
Let p(y) = -y**3 - 7*y**2 + 62*y + 432. What is p(-8)?
0
Let j(m) = -71*m + 309. Give j(4).
25
Let f(h) = -2*h**3 + 4*h**2 - 20*h - 81. What is f(-4)?
191
Let z(i) = 283*i - 1949. Give z(7).
32
Let q(x) = 708*x + 14135. Give q(-20).
-25
Let z(w) = 15*w**3 + 28*w**2 + 39*w + 81. Give z(-2).
-5
Let y(q) = -q**3 - 61*q**2 + 685*q - 1790. Give y(-71).
-15
Let m(i) = -19*i**2 + 35*i - 3. Determine m(2).
-9
Let s(i) = 4*i - 59. Calculate s(-21).
-143
Let x(q) = -19*q**2 + 897*q + 722. Give x(48).
2
Let i(g) = -g**3 + 15*g**2 + 27*g - 177. Calculate i(16).
-1
Let z(m) = -3*m**3 + 8. What is z(2)?
-16
Let i(g) = 50*g + 537. Give i(-7).
187
Let y(i) = 11*i**3 + 54*i**2 - 10*i - 33. What is y(-5)?
-8
Let m(f) = 9*f + 213. What is m(-30)?
-57
Let c(z) = z**2 - 51*z + 461. Determine c(12).
-7
Let a(x) = 20*x + 126. What is a(4)?
206
Let g(o) = 11*o + 87. Determine g(-5).
32
Let z(k) = -359*k + 45593. Give z(127).
0
Let d(h) = -395*h + 510. Calculate d(2).
-280
Let g(r) = -5*r**2 - 71*r - 20. What is g(-11)?
156
Let q(l) = 259*l - 4407. What is q(17)?
-4
Let d(t) = -t**2 - 67*t - 1045. Give d(-25).
5
Let h(r) = r**2 + 141*r + 1051. What is h(-7)?
113
Let p(q) = 5*q**2 - 136*q + 41. Calculate p(27).
14
Let x(m) = m**2 + 204*m - 48166. What is x(-344)?
-6
Let a(b) = -2*b**3 - 27*b**2 - 27*b - 25. Determine a(-12).
-133
Let u(s) = 13*s + 121. Calculate u(-24).
-191
Let j(x) = x**3 - 22*x**2 + 89*x + 369. Determine j(11).
17
Let o(n) = 16*n**2 - 80*n + 63. What is o(4)?
-1
Let t(c) = 16*c**2 + 198*c - 953. What is t(-16)?
-25
Let h(a) = -3041*a + 5. Give h(0).
5
Let b(k) = -7*k - 141. Determine b(-9).
-78
Let z(w) = -45*w + 4. What is z(0)?
4
Let c(k) = -2*k**3 + 47*k**2 - 22*k - 40. Calculate c(23).
-17
Let j(x) = 6*x - 35. Determine j(-15).
-125
Let i(o) = o**2 - 23*o - 86. Calculate i(-5).
54
Let b(k) = -2*k**2 + 46*k - 167. What is b(15)?
73
Let d(a) = -3*a**3 - 121*a**2 - 41*a - 41. Give d(-40).
-1
Let h(o) = -347*o**2 - 9367*o + 67. Give h(-27).